- 6 = -3*s. Calculate the highest common divisor of 45 and a.
15
Let k = 13 + -1. What is the greatest common divisor of 12 and k?
12
Suppose 2*a - 3*a = -12. Suppose -u = 2*u - a. Suppose -5*p = -2*k - 192, 3*p + p - k = 156. What is the greatest common factor of u and p?
4
Suppose 5*t = -n + 21, 42 = 4*n + 2*t - 3*t. Let b(y) = -14*y**3 + 3*y**2 + 3*y + 3. Let x be b(-2). Calculate the highest common factor of n and x.
11
Let l = 42 + 48. What is the greatest common factor of l and 10?
10
Let m be (-20)/12 + (-190)/(-6). Calculate the highest common divisor of 150 and m.
30
Suppose 3*z - z = -140. Let q = -50 - z. Calculate the highest common factor of q and 20.
20
Suppose 3*n = 83 - 11. What is the highest common divisor of n and 192?
24
Let m(t) = -t**3 - 12*t**2 - 12*t - 13. Let s be m(-11). Let p be (s + 3)*10 + -2. What is the greatest common factor of 24 and p?
8
Let r = 11 - 10. Calculate the highest common divisor of r and 2.
1
Suppose -2*k - 6*d + d + 39 = 0, 5*k = -4*d + 72. Let l be (-5)/((-20)/32)*12. Calculate the greatest common factor of l and k.
12
Let w(j) = j**2 + 5*j - 13. Let z be w(3). What is the greatest common divisor of 187 and z?
11
Suppose -2 + 10 = 4*k. Suppose 0 = k*w + 9 - 3. Let f = -1 - w. What is the greatest common factor of f and 22?
2
Suppose 3*a = -2*l + 560, -2*a + 376 = -l + 3*l. Calculate the highest common divisor of a and 23.
23
Let x = 22 + 29. Let b(h) be the first derivative of h**3/3 + 3*h**2 + 10*h + 2. Let m be b(-7). Calculate the greatest common factor of m and x.
17
Let u(c) = 7*c - 2. Let s be u(1). What is the highest common divisor of 10 and s?
5
Let g be 0/(-2) - -1 - -1. Let o be (1 - g)*-9 + -3. What is the highest common divisor of o and 54?
6
Let x be 1887/34 + 1/(-2). What is the greatest common factor of 5 and x?
5
Let o be 1/(-1) - -3 - 3. Let y = o - -4. Suppose 2*n - 3 = y. Calculate the greatest common divisor of 9 and n.
3
Let i be (8 + -1)/((-21)/(-18) - 1). What is the greatest common factor of i and 189?
21
Suppose 6*h - 495 = h. Suppose 2*v = -5*l + 41, -3*l + 2*l - 4*v = -1. Calculate the highest common factor of h and l.
9
Let n(z) = 30*z - 5. Suppose -3 = x + 5*f, 4*x - 2*x - 5*f = 9. Let a be n(x). Calculate the greatest common divisor of a and 11.
11
Let s(i) = 14*i - 6. Let j(o) = 7*o - 3. Let u(k) = -7*j(k) + 4*s(k). Let m be u(2). Calculate the greatest common factor of m and 44.
11
Let g be (54 + (-5 - -7))*2. Calculate the highest common factor of 280 and g.
56
Let f(l) = 2*l**2 + 3*l. Let j be f(-3). Let h be 4 - 6 - (1 + -6). Let m be (j/h)/((-3)/(-22)). What is the greatest common factor of m and 88?
22
Suppose -2*t = 4*u - 20, 0 = 4*u - 3*t - 16 - 4. Suppose -26 = -u*g + 49. What is the highest common divisor of g and 6?
3
Let m be 72 + (-4)/(-2) + 2. Suppose 0*v + 4*v + m = 0. Let o = v - -29. Calculate the highest common divisor of 2 and o.
2
Let s = -1 - -1. Suppose -7 = -2*y - 1. Let x = y + s. Calculate the highest common divisor of 3 and x.
3
Suppose 2*a - 11 - 19 = 0. Let r be 5/(10/66) - 3. What is the greatest common divisor of r and a?
15
Let n = 119 - 88. Calculate the greatest common factor of n and 155.
31
Suppose 20 = l - 1. Let a(y) = -y**2 + 9*y - 1. Let t be a(7). Let c = l - t. Calculate the highest common divisor of c and 56.
8
Let c be (-2 - 3)/((-2)/4). What is the greatest common factor of 15 and c?
5
Suppose 9*r - 3*r - 186 = 0. What is the highest common divisor of r and 279?
31
Let h = -5 + 9. What is the highest common factor of 8 and h?
4
Let j(y) = y**2 + 7*y + 6. Let o be j(-9). Let a = 90 - o. Calculate the highest common factor of 6 and a.
6
Let k be ((-27)/15 + 3)/((-2)/(-15)). Calculate the greatest common factor of 9 and k.
9
Let i be (-40)/(-6) + 3/9. Let c = -3 + i. Suppose 0 = -y + c*y - 90. What is the highest common factor of 6 and y?
6
Suppose -30 = -5*m - 3*l, -m = m - 5*l + 19. Suppose -m*a + 6 = 0, 2*o + 5*a + 36 = 3*o. Suppose -4*f + o = -14. Calculate the highest common factor of f and 6.
3
Suppose 4*z + 3*i = -1, -13 = -6*z + z + i. What is the greatest common factor of z and 18?
2
Let w = -42 + 56. What is the greatest common divisor of 7 and w?
7
Let x(d) = -5*d - 15. Let y be x(-6). What is the highest common factor of y and 135?
15
Let c be 2/6 - (-262)/6. Suppose 0 = -u + 5*u - c. What is the highest common factor of u and 11?
11
Suppose -3*c = -6*c. Suppose 3*f + f - 60 = c. What is the highest common divisor of f and 15?
15
Let r = -6 + 9. Suppose -415 = -p - 4*p + 5*u, -r*u = -4*p + 330. Calculate the highest common factor of p and 9.
9
Let u(r) = -11*r**3 - 1. Let v be u(-1). Let h be (-1)/(-2)*(0 - v). Let z be -1 - -1 - h/1. Calculate the greatest common factor of z and 45.
5
Let h be (-2)/5 + (-504)/15. Let k = -16 - h. Let s(q) = -2*q**2 + 15*q - 12. Let j be s(6). What is the highest common divisor of j and k?
6
Let g(u) = -u**3 - 5*u**2 - 8*u - 10. Let h be g(-4). Suppose 11 = h*a - 637. What is the greatest common divisor of 12 and a?
12
Suppose 9*n - 26*n = -102. Calculate the greatest common divisor of 6 and n.
6
Let w(x) = -x**3 - 10*x**2 - 2*x + 2. Suppose -m + 6*m = -50. Let i be w(m). Calculate the highest common factor of i and 44.
22
Suppose -3*h = -b + 2*b - 711, -h + 2*b + 230 = 0. Suppose -4*m = 4*l - h, -4*l + m = -0*l - 221. Calculate the greatest common factor of l and 14.
14
Let s(b) = -6*b - 2. Let f be s(-3). Let v = 8 + -30. Let u be (-4)/v - 60/(-33). What is the greatest common divisor of u and f?
2
Let i be 3*(-2)/(-6)*34. What is the greatest common factor of i and 17?
17
Suppose 9 = h - 1. Let q = -3 + h. Calculate the highest common divisor of 28 and q.
7
Let y(j) = 13*j**3 - 2*j**2 + j. Let t be y(1). Let u = 4 - 4. Suppose -3*p + 216 = -u*p. Calculate the highest common factor of t and p.
12
Suppose 5*k = 48 + 22. Let l(i) = 2*i - 20. Let a be l(k). What is the highest common factor of 1 and a?
1
Suppose -8*f = -10*f + 26. Calculate the highest common factor of f and 65.
13
Let h(s) be the third derivative of s**5/10 - s**4/12 - 7*s**3/6 + s**2. Let v = -5 + 0. Let n be h(v). What is the highest common divisor of n and 17?
17
Let m be 2 - ((-1 - 95) + -1). Suppose 0*r = -5*r + 45. Calculate the highest common divisor of m and r.
9
Suppose q + 11 - 2 = 4*v, -18 = -5*q - v. What is the highest common divisor of 15 and q?
3
Let y(d) = d**3 - 5*d**2 + d - 9. Suppose 5*u = 10 + 25. Let s be y(u). Suppose -4*c + s = -2*c. Calculate the greatest common factor of 16 and c.
16
Let b = 656 - 296. Calculate the greatest common factor of b and 40.
40
Suppose 2*q + q - 54 = 0. Let n be 6/(-4) - (-2187)/q. What is the greatest common factor of 48 and n?
24
Let h = 6 + 34. Let l be h + (0/1)/2. Suppose 5*k - 25 = -0*k. Calculate the highest common divisor of l and k.
5
Let b(r) = r**3 - 4*r**2 + 4*r - 3. Let a be b(3). Suppose a = 2*o + 2*o + n - 150, 4*o - 148 = -2*n. What is the highest common factor of o and 57?
19
Suppose 2*t - 112 = -5*t. What is the highest common divisor of 48 and t?
16
Let z(p) = -p**3 - 14*p**2 - 14*p - 13. Let w be z(-13). Suppose 2*n + w*n = 48. What is the greatest common divisor of 36 and n?
12
Suppose -2*j + 172 = 8*z - 6*z, 4*j - 3*z - 337 = 0. Calculate the highest common factor of 5 and j.
5
Let g be 1 + (0 + -8)*(-9)/4. What is the greatest common factor of 38 and g?
19
Suppose -2*q - 5*l + 24 = 2, 74 = 5*q + 3*l. Calculate the highest common divisor of 2 and q.
2
Let f = -1 + -4. Let u be (-18)/45 - 182/f. What is the greatest common divisor of u and 4?
4
Suppose -3*t + 123 = -0*t - 2*b, -5*b + 63 = 2*t. What is the greatest common factor of t and 26?
13
Let b = 82 + 17. Suppose 4*x - x - b = 0. What is the greatest common divisor of x and 3?
3
Suppose 902 + 610 = 18*z. Calculate the highest common factor of z and 28.
28
Let r(u) = u**2 - 5*u - 1. Let w be r(6). What is the highest common divisor of 1 and w?
1
Let x be (-2)/((-1)/(-4)*-2). Calculate the greatest common divisor of x and 36.
4
Let h = 5 + 1. Calculate the highest common factor of 1 and h.
1
Let z(x) = 4*x**2 + 2*x. Let u(s) = -s**2 + 11*s - 8. Let n be u(11). Let f = 6 + n. Let y be z(f). Calculate the greatest common factor of 6 and y.
6
Let a(t) = t + 3. Let s be a(-3). Suppose -5